{"id":11663,"date":"2015-12-23T15:24:39","date_gmt":"2015-12-23T14:24:39","guid":{"rendered":"https:\/\/www.holz-von-hier.eu\/attivita\/"},"modified":"2023-03-05T08:25:10","modified_gmt":"2023-03-05T07:25:10","slug":"attivita","status":"publish","type":"page","link":"https:\/\/www.holz-von-hier.eu\/it\/attivita\/","title":{"rendered":"Attivit\u00e0"},"content":{"rendered":"\n<style type=\"text\/css\" data-created_by=\"avia_inline_auto\" id=\"style-css-av-av_heading-2c8a74d9b43b3cb938a77290f99eef2c\">\n#top .av-special-heading.av-av_heading-2c8a74d9b43b3cb938a77290f99eef2c{\npadding-bottom:10px;\n}\nbody .av-special-heading.av-av_heading-2c8a74d9b43b3cb938a77290f99eef2c .av-special-heading-tag .heading-char{\nfont-size:25px;\n}\n.av-special-heading.av-av_heading-2c8a74d9b43b3cb938a77290f99eef2c .av-subheading{\nfont-size:15px;\n}\n<\/style>\n<div  class='av-special-heading av-av_heading-2c8a74d9b43b3cb938a77290f99eef2c av-special-heading-h1  avia-builder-el-0  el_before_av_textblock  avia-builder-el-first '><h1 class='av-special-heading-tag '  itemprop=\"headline\"  >Attivit\u00e0<\/h1><div class=\"special-heading-border\"><div class=\"special-heading-inner-border\"><\/div><\/div><\/div>\n<section  class='av_textblock_section av-842uz-0cd44ead483078f07c3fd2dad25f0a60 '   itemscope=\"itemscope\" itemtype=\"https:\/\/schema.org\/CreativeWork\" ><div class='avia_textblock'  itemprop=\"text\" ><p>LCT, in quanto organizzazione no-profit, mira a promuovere azioni pi\u00f9 sostenibili e rispettose dell&#8217;ambiente. Ci\u00f2 avviene attraverso varie attivit\u00e0 e approcci:<\/p>\n<ul>\n<li>Il lavoro di persuasione si rivolge direttamente ai decisori politici<\/li>\n<li>Attivit\u00e0 di informazione sull&#8217;importanza dei trasporti per la protezione del clima e l&#8217;efficienza delle risorse in vari media..<\/li>\n<li>Sviluppo di materiale informativo su stampa, media digitali, mostre e altro.<\/li>\n<li>Concezione e realizzazione di progetti di ricerca, sviluppo e implementazione per promuovere la protezione del clima e delle specie, l&#8217;efficienza delle risorse e la sostenibilit\u00e0.<\/li>\n<li>Realizzazione di offerte di educazione ambientale per diversi gruppi target.<\/li>\n<li>Creazione di una rete di accompagnamento di imprese che producono, commercializzano e lavorano prodotti in legno particolarmente rispettosi del clima e dell&#8217;ambiente, al fine di creare le basi per decisioni di consumo sostenibile da parte dei consumatori e della societ\u00e0.<\/li>\n<\/ul>\n<\/div><\/section>\n","protected":false},"excerpt":{"rendered":"","protected":false},"author":1,"featured_media":0,"parent":0,"menu_order":0,"comment_status":"closed","ping_status":"closed","template":"","meta":{"footnotes":""},"class_list":["post-11663","page","type-page","status-publish","hentry"],"yoast_head":"<!-- This site is optimized with the Yoast SEO plugin v27.5 - https:\/\/yoast.com\/product\/yoast-seo-wordpress\/ -->\n<title>Attivit\u00e0 - HOLZ VON HIER<\/title>\n<meta name=\"robots\" content=\"index, follow, max-snippet:-1, max-image-preview:large, max-video-preview:-1\" \/>\n<link rel=\"canonical\" href=\"https:\/\/www.holz-von-hier.eu\/it\/attivita\/\" \/>\n<meta property=\"og:locale\" content=\"it_IT\" \/>\n<meta property=\"og:type\" content=\"article\" \/>\n<meta property=\"og:title\" content=\"Attivit\u00e0 - HOLZ VON HIER\" \/>\n<meta property=\"og:url\" content=\"https:\/\/www.holz-von-hier.eu\/it\/attivita\/\" \/>\n<meta property=\"og:site_name\" content=\"HOLZ VON HIER\" \/>\n<meta property=\"article:publisher\" content=\"https:\/\/www.facebook.com\/HolzVonHier\/\" \/>\n<meta property=\"article:modified_time\" content=\"2023-03-05T07:25:10+00:00\" \/>\n<meta name=\"twitter:card\" content=\"summary_large_image\" \/>\n<meta name=\"twitter:site\" content=\"@HolzvonHier\" \/>\n<meta name=\"twitter:label1\" content=\"Tempo di lettura stimato\" \/>\n\t<meta name=\"twitter:data1\" content=\"1 minuto\" \/>\n<script type=\"application\/ld+json\" class=\"yoast-schema-graph\">{\"@context\":\"https:\\\/\\\/schema.org\",\"@graph\":[{\"@type\":\"WebPage\",\"@id\":\"https:\\\/\\\/www.holz-von-hier.eu\\\/it\\\/attivita\\\/\",\"url\":\"https:\\\/\\\/www.holz-von-hier.eu\\\/it\\\/attivita\\\/\",\"name\":\"Attivit\u00e0 - HOLZ VON HIER\",\"isPartOf\":{\"@id\":\"https:\\\/\\\/www.holz-von-hier.eu\\\/it\\\/#website\"},\"datePublished\":\"2015-12-23T14:24:39+00:00\",\"dateModified\":\"2023-03-05T07:25:10+00:00\",\"breadcrumb\":{\"@id\":\"https:\\\/\\\/www.holz-von-hier.eu\\\/it\\\/attivita\\\/#breadcrumb\"},\"inLanguage\":\"it-IT\",\"potentialAction\":[{\"@type\":\"ReadAction\",\"target\":[\"https:\\\/\\\/www.holz-von-hier.eu\\\/it\\\/attivita\\\/\"]}]},{\"@type\":\"BreadcrumbList\",\"@id\":\"https:\\\/\\\/www.holz-von-hier.eu\\\/it\\\/attivita\\\/#breadcrumb\",\"itemListElement\":[{\"@type\":\"ListItem\",\"position\":1,\"name\":\"Startseite\",\"item\":\"https:\\\/\\\/www.holz-von-hier.eu\\\/it\\\/home\\\/\"},{\"@type\":\"ListItem\",\"position\":2,\"name\":\"Attivit\u00e0\"}]},{\"@type\":\"WebSite\",\"@id\":\"https:\\\/\\\/www.holz-von-hier.eu\\\/it\\\/#website\",\"url\":\"https:\\\/\\\/www.holz-von-hier.eu\\\/it\\\/\",\"name\":\"Holz von hier\",\"description\":\"Umweltlabel f\u00fcr klimafreundlich hergestellte, nachhaltige Produkte aus Holz.\",\"publisher\":{\"@id\":\"https:\\\/\\\/www.holz-von-hier.eu\\\/it\\\/#organization\"},\"potentialAction\":[{\"@type\":\"SearchAction\",\"target\":{\"@type\":\"EntryPoint\",\"urlTemplate\":\"https:\\\/\\\/www.holz-von-hier.eu\\\/it\\\/?s={search_term_string}\"},\"query-input\":{\"@type\":\"PropertyValueSpecification\",\"valueRequired\":true,\"valueName\":\"search_term_string\"}}],\"inLanguage\":\"it-IT\"},{\"@type\":\"Organization\",\"@id\":\"https:\\\/\\\/www.holz-von-hier.eu\\\/it\\\/#organization\",\"name\":\"Holz von hier\",\"url\":\"https:\\\/\\\/www.holz-von-hier.eu\\\/it\\\/\",\"logo\":{\"@type\":\"ImageObject\",\"inLanguage\":\"it-IT\",\"@id\":\"https:\\\/\\\/www.holz-von-hier.eu\\\/it\\\/#\\\/schema\\\/logo\\\/image\\\/\",\"url\":\"https:\\\/\\\/www.holz-von-hier.eu\\\/wp-content\\\/uploads\\\/2022\\\/11\\\/Logo_neu_3-1.jpg\",\"contentUrl\":\"https:\\\/\\\/www.holz-von-hier.eu\\\/wp-content\\\/uploads\\\/2022\\\/11\\\/Logo_neu_3-1.jpg\",\"width\":495,\"height\":140,\"caption\":\"Holz von hier\"},\"image\":{\"@id\":\"https:\\\/\\\/www.holz-von-hier.eu\\\/it\\\/#\\\/schema\\\/logo\\\/image\\\/\"},\"sameAs\":[\"https:\\\/\\\/www.facebook.com\\\/HolzVonHier\\\/\",\"https:\\\/\\\/x.com\\\/HolzvonHier\"]}]}<\/script>\n<!-- \/ Yoast SEO plugin. -->","yoast_head_json":{"title":"Attivit\u00e0 - HOLZ VON HIER","robots":{"index":"index","follow":"follow","max-snippet":"max-snippet:-1","max-image-preview":"max-image-preview:large","max-video-preview":"max-video-preview:-1"},"canonical":"https:\/\/www.holz-von-hier.eu\/it\/attivita\/","og_locale":"it_IT","og_type":"article","og_title":"Attivit\u00e0 - HOLZ VON HIER","og_url":"https:\/\/www.holz-von-hier.eu\/it\/attivita\/","og_site_name":"HOLZ VON HIER","article_publisher":"https:\/\/www.facebook.com\/HolzVonHier\/","article_modified_time":"2023-03-05T07:25:10+00:00","twitter_card":"summary_large_image","twitter_site":"@HolzvonHier","twitter_misc":{"Tempo di lettura stimato":"1 minuto"},"schema":{"@context":"https:\/\/schema.org","@graph":[{"@type":"WebPage","@id":"https:\/\/www.holz-von-hier.eu\/it\/attivita\/","url":"https:\/\/www.holz-von-hier.eu\/it\/attivita\/","name":"Attivit\u00e0 - HOLZ VON HIER","isPartOf":{"@id":"https:\/\/www.holz-von-hier.eu\/it\/#website"},"datePublished":"2015-12-23T14:24:39+00:00","dateModified":"2023-03-05T07:25:10+00:00","breadcrumb":{"@id":"https:\/\/www.holz-von-hier.eu\/it\/attivita\/#breadcrumb"},"inLanguage":"it-IT","potentialAction":[{"@type":"ReadAction","target":["https:\/\/www.holz-von-hier.eu\/it\/attivita\/"]}]},{"@type":"BreadcrumbList","@id":"https:\/\/www.holz-von-hier.eu\/it\/attivita\/#breadcrumb","itemListElement":[{"@type":"ListItem","position":1,"name":"Startseite","item":"https:\/\/www.holz-von-hier.eu\/it\/home\/"},{"@type":"ListItem","position":2,"name":"Attivit\u00e0"}]},{"@type":"WebSite","@id":"https:\/\/www.holz-von-hier.eu\/it\/#website","url":"https:\/\/www.holz-von-hier.eu\/it\/","name":"Holz von hier","description":"Umweltlabel f\u00fcr klimafreundlich hergestellte, nachhaltige Produkte aus Holz.","publisher":{"@id":"https:\/\/www.holz-von-hier.eu\/it\/#organization"},"potentialAction":[{"@type":"SearchAction","target":{"@type":"EntryPoint","urlTemplate":"https:\/\/www.holz-von-hier.eu\/it\/?s={search_term_string}"},"query-input":{"@type":"PropertyValueSpecification","valueRequired":true,"valueName":"search_term_string"}}],"inLanguage":"it-IT"},{"@type":"Organization","@id":"https:\/\/www.holz-von-hier.eu\/it\/#organization","name":"Holz von hier","url":"https:\/\/www.holz-von-hier.eu\/it\/","logo":{"@type":"ImageObject","inLanguage":"it-IT","@id":"https:\/\/www.holz-von-hier.eu\/it\/#\/schema\/logo\/image\/","url":"https:\/\/www.holz-von-hier.eu\/wp-content\/uploads\/2022\/11\/Logo_neu_3-1.jpg","contentUrl":"https:\/\/www.holz-von-hier.eu\/wp-content\/uploads\/2022\/11\/Logo_neu_3-1.jpg","width":495,"height":140,"caption":"Holz von hier"},"image":{"@id":"https:\/\/www.holz-von-hier.eu\/it\/#\/schema\/logo\/image\/"},"sameAs":["https:\/\/www.facebook.com\/HolzVonHier\/","https:\/\/x.com\/HolzvonHier"]}]}},"_links":{"self":[{"href":"https:\/\/www.holz-von-hier.eu\/it\/wp-json\/wp\/v2\/pages\/11663","targetHints":{"allow":["GET"]}}],"collection":[{"href":"https:\/\/www.holz-von-hier.eu\/it\/wp-json\/wp\/v2\/pages"}],"about":[{"href":"https:\/\/www.holz-von-hier.eu\/it\/wp-json\/wp\/v2\/types\/page"}],"author":[{"embeddable":true,"href":"https:\/\/www.holz-von-hier.eu\/it\/wp-json\/wp\/v2\/users\/1"}],"replies":[{"embeddable":true,"href":"https:\/\/www.holz-von-hier.eu\/it\/wp-json\/wp\/v2\/comments?post=11663"}],"version-history":[{"count":0,"href":"https:\/\/www.holz-von-hier.eu\/it\/wp-json\/wp\/v2\/pages\/11663\/revisions"}],"wp:attachment":[{"href":"https:\/\/www.holz-von-hier.eu\/it\/wp-json\/wp\/v2\/media?parent=11663"}],"curies":[{"name":"wp","href":"https:\/\/api.w.org\/{rel}","templated":true}]}}

Attività

<style type="text/css" data-created_by="avia_inline_auto" id="style-css-av-av_heading-2c8a74d9b43b3cb938a77290f99eef2c">
#top .av-special-heading.av-av_heading-2c8a74d9b43b3cb938a77290f99eef2c{
padding-bottom:10px;
}
body .av-special-heading.av-av_heading-2c8a74d9b43b3cb938a77290f99eef2c .av-special-heading-tag .heading-char{
font-size:25px;
}
.av-special-heading.av-av_heading-2c8a74d9b43b3cb938a77290f99eef2c .av-subheading{
font-size:15px;
}
</style>
<div  class='av-special-heading av-av_heading-2c8a74d9b43b3cb938a77290f99eef2c av-special-heading-h1  avia-builder-el-0  el_before_av_textblock  avia-builder-el-first '><h1 class='av-special-heading-tag '  itemprop="headline"  >Attività</h1><div class="special-heading-border"><div class="special-heading-inner-border"></div></div></div>
<section  class='av_textblock_section av-842uz-0cd44ead483078f07c3fd2dad25f0a60 '   itemscope="itemscope" itemtype="https://schema.org/CreativeWork" ><div class='avia_textblock'  itemprop="text" ><p>LCT, in quanto organizzazione no-profit, mira a promuovere azioni più sostenibili e rispettose dell&#8217;ambiente. Ciò avviene attraverso varie attività e approcci:</p>
<ul>
<li>Il lavoro di persuasione si rivolge direttamente ai decisori politici</li>
<li>Attività di informazione sull&#8217;importanza dei trasporti per la protezione del clima e l&#8217;efficienza delle risorse in vari media..</li>
<li>Sviluppo di materiale informativo su stampa, media digitali, mostre e altro.</li>
<li>Concezione e realizzazione di progetti di ricerca, sviluppo e implementazione per promuovere la protezione del clima e delle specie, l&#8217;efficienza delle risorse e la sostenibilità.</li>
<li>Realizzazione di offerte di educazione ambientale per diversi gruppi target.</li>
<li>Creazione di una rete di accompagnamento di imprese che producono, commercializzano e lavorano prodotti in legno particolarmente rispettosi del clima e dell&#8217;ambiente, al fine di creare le basi per decisioni di consumo sostenibile da parte dei consumatori e della società.</li>
</ul>
</div></section>

<!-- This site is optimized with the Yoast SEO plugin v27.5 - https://yoast.com/product/yoast-seo-wordpress/ -->
<title>Attività - HOLZ VON HIER</title>
<meta name="robots" content="index, follow, max-snippet:-1, max-image-preview:large, max-video-preview:-1" />
<link rel="canonical" href="https://www.holz-von-hier.eu/it/attivita/" />
<meta property="og:locale" content="it_IT" />
<meta property="og:type" content="article" />
<meta property="og:title" content="Attività - HOLZ VON HIER" />
<meta property="og:url" content="https://www.holz-von-hier.eu/it/attivita/" />
<meta property="og:site_name" content="HOLZ VON HIER" />
<meta property="article:publisher" content="https://www.facebook.com/HolzVonHier/" />
<meta property="article:modified_time" content="2023-03-05T07:25:10+00:00" />
<meta name="twitter:card" content="summary_large_image" />
<meta name="twitter:site" content="@HolzvonHier" />
<meta name="twitter:label1" content="Tempo di lettura stimato" />
	<meta name="twitter:data1" content="1 minuto" />
<script type="application/ld+json" class="yoast-schema-graph">{"@context":"https:\/\/schema.org","@graph":[{"@type":"WebPage","@id":"https:\/\/www.holz-von-hier.eu\/it\/attivita\/","url":"https:\/\/www.holz-von-hier.eu\/it\/attivita\/","name":"Attività - HOLZ VON HIER","isPartOf":{"@id":"https:\/\/www.holz-von-hier.eu\/it\/#website"},"datePublished":"2015-12-23T14:24:39+00:00","dateModified":"2023-03-05T07:25:10+00:00","breadcrumb":{"@id":"https:\/\/www.holz-von-hier.eu\/it\/attivita\/#breadcrumb"},"inLanguage":"it-IT","potentialAction":[{"@type":"ReadAction","target":["https:\/\/www.holz-von-hier.eu\/it\/attivita\/"]}]},{"@type":"BreadcrumbList","@id":"https:\/\/www.holz-von-hier.eu\/it\/attivita\/#breadcrumb","itemListElement":[{"@type":"ListItem","position":1,"name":"Startseite","item":"https:\/\/www.holz-von-hier.eu\/it\/home\/"},{"@type":"ListItem","position":2,"name":"Attività"}]},{"@type":"WebSite","@id":"https:\/\/www.holz-von-hier.eu\/it\/#website","url":"https:\/\/www.holz-von-hier.eu\/it\/","name":"Holz von hier","description":"Umweltlabel für klimafreundlich hergestellte, nachhaltige Produkte aus Holz.","publisher":{"@id":"https:\/\/www.holz-von-hier.eu\/it\/#organization"},"potentialAction":[{"@type":"SearchAction","target":{"@type":"EntryPoint","urlTemplate":"https:\/\/www.holz-von-hier.eu\/it\/?s={search_term_string}"},"query-input":{"@type":"PropertyValueSpecification","valueRequired":true,"valueName":"search_term_string"}}],"inLanguage":"it-IT"},{"@type":"Organization","@id":"https:\/\/www.holz-von-hier.eu\/it\/#organization","name":"Holz von hier","url":"https:\/\/www.holz-von-hier.eu\/it\/","logo":{"@type":"ImageObject","inLanguage":"it-IT","@id":"https:\/\/www.holz-von-hier.eu\/it\/#\/schema\/logo\/image\/","url":"https:\/\/www.holz-von-hier.eu\/wp-content\/uploads\/2022\/11\/Logo_neu_3-1.jpg","contentUrl":"https:\/\/www.holz-von-hier.eu\/wp-content\/uploads\/2022\/11\/Logo_neu_3-1.jpg","width":495,"height":140,"caption":"Holz von hier"},"image":{"@id":"https:\/\/www.holz-von-hier.eu\/it\/#\/schema\/logo\/image\/"},"sameAs":["https:\/\/www.facebook.com\/HolzVonHier\/","https:\/\/x.com\/HolzvonHier"]}]}</script>
<!-- / Yoast SEO plugin. -->

Attività - HOLZ VON HIER

Umweltlabel für klimafreundlich hergestellte, nachhaltige Produkte aus Holz.
